of z?
137
Let r(j) = 4*j**2 + 2*j + 253. Let k be r(-44). Suppose 3743 + k = 12*s. List the prime factors of s.
971
Let g be (270/225)/(2/30). Suppose g*c - 144 = 594. What are the prime factors of c?
41
Let h(z) = -z**3 + 2*z**2 - 5*z + 2. Let j be h(-6). Suppose -5*m - v + j = -0*m, -v - 200 = -3*m. Suppose -4*k + m = -7. List the prime factors of k.
2, 3
Let a = 2600 + -2601. Suppose -i = 3 + 1. List the prime factors of (-25)/((-7)/14 + a/i).
2, 5
Let j(i) = -2 - 4 + 0 + 36*i - 11. Let c be j(-3). Let g = c - -190. What are the prime factors of g?
5, 13
Let i(k) = -17*k**3 - 4*k**2 + 12*k + 18. List the prime factors of i(-6).
2, 3, 193
Suppose -2*k + 172 = 2*y - 6*k, y - 82 = -2*k. Let h = y + -76. Suppose 2*v + h = 148. List the prime factors of v.
2, 5, 7
Let d = -204 - -208. Let w(n) = 10*n**2 - 6*n - 6. Let s be w(-3). Suppose s + 98 = d*i. List the prime factors of i.
2, 5
Let o(a) = 58*a + 6812. List the prime factors of o(90).
2, 47
Let q(i) = 12*i**2 - 165*i + 3400. List the prime factors of q(23).
5953
Suppose 0 = -0*z - 2*z + x + 1, 2*x = 6. Suppose z*a - 247 = 1711. Suppose p = 12*p - a. What are the prime factors of p?
89
Let b = 491 + -487. Suppose 1006 = b*y - 422. List the prime factors of y.
3, 7, 17
Let v(x) = x**2 + 7*x + 404. Let f be v(0). Let m = 182 + f. What are the prime factors of m?
2, 293
Let i(c) = 143*c + 49. Let u(d) = d**2 + 5*d + 11. Let z be u(-3). What are the prime factors of i(z)?
2, 191
Suppose 2*d - 1967 = -j, -5*j + 9855 = -61*d + 66*d. What are the prime factors of j?
5, 79
Suppose -1523 = 3*m - 12356. Suppose 15*q + 259 = -m. Let i = q + 409. What are the prime factors of i?
151
Let m be (-1)/9 + (-1548)/(-81). Let k(l) = -l**2 + 42*l + 100. List the prime factors of k(m).
3, 179
What are the prime factors of (-222243)/(-7) - (7/2 - 8/(-16))?
5, 7, 907
Suppose -a = 5*y - 134, -3*y = -y + 5*a - 72. What are the prime factors of ((-3)/1 - -1)*(-4537)/y?
349
Suppose 0 = -2*g + 3*i + 8877, -3*g - 8*i = -4*i - 13358. What are the prime factors of g?
2, 3, 13, 19
Suppose 3*c = 2*r + 6*c - 210, -483 = -5*r + 3*c. Suppose 0*o + 11*o - r = 0. Let n = o - -3. List the prime factors of n.
2, 3
Suppose 1320657 - 471367 = 139*v. List the prime factors of v.
2, 5, 13, 47
Let s be 2 + 0 - (2 + -5). Suppose 0 = s*q + 55 + 105. Let i = 56 + q. List the prime factors of i.
2, 3
Let n(o) = -o**3 + 8*o**2 + 24*o - 28. Let h be -3 + 26/8 - (-70)/8. List the prime factors of n(h).
107
Suppose -135819 + 40579 = -8*u. What are the prime factors of u?
5, 2381
Let p = 16258 + -9212. What are the prime factors of p?
2, 13, 271
Suppose 7*p - 36 = -1. Suppose 4*t - 32 = -p*d, 0 = -2*d - 0*d. Suppose t*s + 268 = 12*s. What are the prime factors of s?
67
Let l(w) = -w + 44. Let x = -39 - -52. Let v be l(x). Suppose -4*i + 3*a = -168 - v, -2*i = -2*a - 98. What are the prime factors of i?
2, 13
Suppose -j + 7*j = 8142. Suppose -12*t - j = 647. Let b = -104 - t. List the prime factors of b.
3, 7
Let f(a) = -4*a - 34. Let c be f(-9). Suppose -52*g - c = -53*g. Suppose -g*u + 81 = -71. List the prime factors of u.
2, 19
Suppose -3*c - 75 = -2*a, -3*a = -0*a - 5*c - 111. Suppose -a*r = -46*r. Suppose -t + 61 + 31 = r. What are the prime factors of t?
2, 23
Suppose -2*g - x + 0*x = 99, g - 5*x + 66 = 0. Let d = g + 54. Suppose 0 = -4*a + d*p + 284, 0 = -5*p + 7 + 13. What are the prime factors of a?
2, 37
Let q = 4438 + 36280. What are the prime factors of q?
2, 20359
Suppose 3*x - 70 = -766. Let c = x - -383. Let f = c + -48. What are the prime factors of f?
103
Let d = 6298 + -5188. What are the prime factors of d?
2, 3, 5, 37
Suppose 14*k + 20*k + 3*k = 536315. What are the prime factors of k?
5, 13, 223
Suppose 0 = -z + m - 0*m - 262, z = -4*m - 287. List the prime factors of (z/6)/(3/(-36)).
2, 3, 89
Let h(s) = -19*s - 467. Let o be h(-43). Suppose o*x + 3452 = 352*x. List the prime factors of x.
2, 863
Let m = -46 - -50. Suppose -6*f + m*f = -78. Let t = -4 + f. What are the prime factors of t?
5, 7
Suppose 3*n - 3203 = 4669. Let m = -1093 + n. What are the prime factors of m?
1531
Suppose 629*o - 633*o - 13137 = -k, 0 = 3*o - 9. What are the prime factors of k?
3, 487
Let q(u) = 2*u**2 + 5*u + 7. Let v be q(-3). Let c = v + -40. Let a = c + 95. List the prime factors of a.
5, 13
Suppose 253*x + 5265520 = 318*x. What are the prime factors of x?
2, 61, 83
Suppose 0 = -3*s + 26*m - 23*m + 11538, m = -2*s + 7680. What are the prime factors of (-2)/(-3) + s/6?
641
Let d = 12758 - 7154. List the prime factors of d.
2, 3, 467
Suppose 2*k = -5*f + 7*k - 490, -4*f = -2*k + 398. Let o = f + 89. What are the prime factors of 190 - 4*(-3)/o?
3, 7
Let j(z) = -8648*z**3 + 2*z + 4323*z**3 + z**2 + 4326*z**3 + 6. List the prime factors of j(10).
2, 563
Let l = 10072 + -4799. What are the prime factors of l?
5273
Suppose -3*y - 2*l = -2*y - 25, -4*y = 3*l - 120. Suppose 4*n - 8*n = w + y, n + 4*w = -12. List the prime factors of ((-92)/(-8))/((-2)/n).
2, 23
Let v = 157 + -88. Let u(s) = 3*s**2 + 44*s + 32. Let p be u(-17). Let d = p - v. What are the prime factors of d?
2, 41
Suppose 0 = -246*o + 253*o + 14. What are the prime factors of 10809/(-18)*o + 5?
2, 3, 67
Let d(z) = -1041*z + 73. What are the prime factors of d(-4)?
19, 223
Suppose -4*v - 2*c + 154603 = 15661, 3*c = 5*v - 173661. Suppose -v = -17*a - 4831. What are the prime factors of a?
1759
Let h(c) be the first derivative of -3*c**4/4 - c**3/3 + 306*c - 51. What are the prime factors of h(0)?
2, 3, 17
Let f(u) = -u**3 + 14*u**2 + 16*u - 7. Let q be f(15). Suppose q*k - 2660 = -6*k. What are the prime factors of k?
2, 5, 19
Suppose -p - 4302 = -8*p - 11*p. What are the prime factors of p?
239
What are the prime factors of (-3)/45 + (-2321059)/(-285)?
2, 509
List the prime factors of 1482/((-57)/(11400/(-16))).
3, 5, 13, 19
Let h = -7 + 9. Suppose 0 = -m + 2*i + 99, 346 = h*m + 2*m + 2*i. Let r = m - 39. What are the prime factors of r?
2, 5
Suppose -2608 - 7871 + 144 = -3*b. List the prime factors of b.
5, 13, 53
Suppose 34*t = 56*t + 176. List the prime factors of 12/t*(-1 - 199).
2, 3, 5
Let p be ((-1)/3 - 0)/((-2)/54). Let v(y) = -y**2 + 9*y + 12. Let a be v(p). Suppose -7*z + a*z - 480 = 0. List the prime factors of z.
2, 3
Let p = -1161 + 677. Let g be (-2)/12 - (-4 + p/24). List the prime factors of 211/6 + (92/g - 4).
5, 7
Suppose 5*t = 4*n + 79047, -n - 31623 = 1360*t - 1362*t. List the prime factors of t.
5, 3163
Let r(h) = 3*h - 7 - 4 - h + 9. Let y be r(4). List the prime factors of (y/15 + (-444)/(-15))*1.
2, 3, 5
Suppose 5*a = 32*k - 33*k + 23793, -5*a + 23791 = 2*k. What are the prime factors of a?
4759
Suppose -700198 = -375*d + 334*d. What are the prime factors of d?
2, 8539
Let f be (-39)/(-26)*4/(-3). List the prime factors of (-3 - -2)/(f/524).
2, 131
Suppose -438 - 525 = -9*f. Suppose -269 + f = -6*z. List the prime factors of z.
3
Suppose 0 = -11*z + 140 - 8. Let q(m) = -m**3 - 7*m**2 - 6*m + 6. Let k be q(-6). Suppose 0 = z*v - k*v - 1362. What are the prime factors of v?
227
Suppose f + 9*f = -140. Let r(t) be the first derivative of t**4/4 + 14*t**3/3 - t**2/2 + 2*t - 1. List the prime factors of r(f).
2
What are the prime factors of 27 + -37 + 1078 + 2?
2, 5, 107
Suppose 50 - 150 = 4*d. List the prime factors of (-2)/12 + ((-69800)/48)/d.
2, 29
Let x(s) = -1606*s + 23. Let b be x(-4). Suppose -b = -16*l + 8401. List the prime factors of l.
2, 29
Let n = -35776 - -52186. What are the prime factors of n?
2, 3, 5, 547
Let k = -512 + 517. Suppose 3*p + 2*v = 3907, -k*v + 585 = -3*p + 4478. List the prime factors of p.
1301
List the prime factors of 0 + 6 + 14 + -20 - (1 - 1158).
13, 89
Let a = 149 - -2147. List the prime factors of a.
2, 7, 41
Let i(c) = -1. Let j(v) = -21*v - 4. Let o(r) = 4*i(r) + j(r). Suppose 12*d - 5*q + 43 = -42, 4*d + 2*q = -54. List the prime factors of o(d).
2, 101
Let s(i) = -5*i**2 + 3*i - 2. Let g(n) = n**2. Let a(z) = -4*g(z) - s(z). Let f be a(2). Suppose 0*k - k + 121 = f. List the prime factors of k.
11
Let r = 128 + -126. Suppose 4*d - 13 = -5*a, -2 + 3 = d - a. List the prime factors of (r/d)/((-3)/(-45)).
3, 5
Let v(r) = 1769*r + 1266. List the prime factors of v(7).
13649
Let u(c) = -c**2 + 4*c + 2. Let n(d) = -1. Let w